a factor of 3354?
True
Is 1156 a multiple of 17?
True
Does 3 divide 5241?
True
Is 13676 a multiple of 33?
False
Is 129 a multiple of 3?
True
Does 2 divide 138?
True
Is 38958 a multiple of 258?
True
Is 5850 a multiple of 15?
True
Is 122 a factor of 81040?
False
Is 43 a factor of 2537?
True
Does 21 divide 22323?
True
Is 1191 a multiple of 30?
False
Does 59 divide 678?
False
Is 3 a factor of 851?
False
Does 27 divide 893?
False
Is 2 a factor of 91?
False
Does 14 divide 6116?
False
Does 21 divide 1050?
True
Is 5897 a multiple of 24?
False
Is 54 a factor of 11942?
False
Is 48 a factor of 5890?
False
Does 31 divide 7874?
True
Does 32 divide 5575?
False
Is 22 a factor of 2617?
False
Is 65056 a multiple of 76?
True
Does 12 divide 202?
False
Does 4 divide 3690?
False
Is 5 a factor of 640?
True
Does 74 divide 331?
False
Is 9392 a multiple of 16?
True
Does 10 divide 667?
False
Does 11 divide 867?
False
Is 903 a multiple of 19?
False
Does 47 divide 12173?
True
Is 27939 a multiple of 12?
False
Does 13 divide 38414?
False
Is 2220 a multiple of 34?
False
Is 40 a factor of 2824?
False
Does 16 divide 3385?
False
Does 94 divide 1034?
True
Is 9 a factor of 182?
False
Does 22 divide 1562?
True
Does 8 divide 1192?
True
Is 7137 a multiple of 48?
False
Is 8 a factor of 378?
False
Is 425 a multiple of 35?
False
Is 22 a factor of 44?
True
Does 137 divide 1067?
False
Does 21 divide 28087?
False
Does 3 divide 827?
False
Does 95 divide 13110?
True
Is 1560 a multiple of 156?
True
Is 2269 a multiple of 12?
False
Does 47 divide 5640?
True
Does 269 divide 18830?
True
Does 19 divide 3230?
True
Is 185 a multiple of 3?
False
Is 22 a factor of 755?
False
Is 35 a factor of 711?
False
Is 125 a multiple of 2?
False
Is 64 a multiple of 3?
False
Is 53 a factor of 1471?
False
Is 6160 a multiple of 40?
True
Is 5 a factor of 50505?
True
Is 894 a multiple of 27?
False
Is 16 a factor of 47873?
False
Does 12 divide 1044?
True
Is 21 a factor of 2016?
True
Is 54 a factor of 21654?
True
Is 923 a multiple of 2?
False
Does 41 divide 1271?
True
Is 18160 a multiple of 12?
False
Is 2 a factor of 536?
True
Does 25 divide 2496?
False
Does 16 divide 2111?
False
Is 17 a factor of 13770?
True
Is 107 a factor of 33816?
False
Is 4 a factor of 136?
True
Does 34 divide 398?
False
Is 12 a factor of 228?
True
Is 122 a multiple of 6?
False
Is 34579 a multiple of 44?
False
Is 5 a factor of 213?
False
Is 20 a factor of 33790?
False
Is 3390 a multiple of 35?
False
Is 25 a factor of 150?
True
Does 7 divide 640?
False
Is 624 a multiple of 78?
True
Is 51 a factor of 114?
False
Does 18 divide 432?
True
Is 241 a factor of 10604?
True
Does 22 divide 897?
False
Is 660 a multiple of 17?
False
Is 712 a multiple of 30?
False
Is 682 a multiple of 19?
False
Is 44 even?
True
Does 24 divide 5649?
False
Is 42977 a multiple of 186?
False
Is 11 a factor of 440?
True
Is 5147 a multiple of 41?
False
Is 27125 a multiple of 155?
True
Is 24 a factor of 8664?
True
Is 16 a factor of 1713?
False
Does 2 divide 374?
True
Is 14563 a multiple of 31?
False
Does 17 divide 37?
False
Does 16 divide 94717?
False
Does 4 divide 117?
False
Is 3 a factor of 4164?
True
Does 112 divide 8752?
False
Is 25 a factor of 9283?
False
Is 1025 a multiple of 10?
False
Is 39 a factor of 894?
False
Does 69 divide 193?
False
Is 544 a multiple of 18?
False
Is 1656 a multiple of 32?
False
Is 1110 a multiple of 111?
True
Is 5 a factor of 7265?
True
Is 29 a factor of 1189?
True
Does 21 divide 2289?
True
Is 51 a factor of 13566?
True
Does 38 divide 43662?
True
Does 40 divide 4874?
False
Does 82 divide 1640?
True
Does 13 divide 129454?
True
Is 15712 a multiple of 6?
False
Is 901 a multiple of 53?
True
Does 82 divide 656?
True
Is 15 a factor of 164?
False
Is 58091 a multiple of 163?
False
Is 36 a factor of 1886?
False
Is 49922 a multiple of 48?
False
Is 437 a multiple of 38?
False
Is 15726 a multiple of 2?
True
Is 7236 a multiple of 268?
True
Is 4919 a multiple of 13?
False
Does 3 divide 14310?
True
Is 138 a factor of 33948?
True
Is 17 a factor of 131?
False
Does 11 divide 3942?
False
Does 239 divide 128723?
False
Is 10 a factor of 1685?
False
Does 6 divide 156?
True
Is 47040 a multiple of 40?
True
Does 77 divide 1463?
True
Is 56464 a multiple of 16?
True
Is 38998 a multiple of 134?
False
Is 8139 a multiple of 9?
False
Is 3400 a multiple of 40?
True
Is 236 a multiple of 14?
False
Does 220 divide 64680?
True
Does 13 divide 2117?
False
Is 13 a factor of 164229?
True
Is 24 a factor of 23009?
False
Does 7 divide 812?
True
Does 68 divide 1069?
False
Does 24 divide 40176?
True
Is 1881 a multiple of 33?
True
Is 73515 a multiple of 86?
False
Is 177 a multiple of 6?
False
Is 2424 a multiple of 24?
True
Is 20328 a multiple of 56?
True
Is 1150 a multiple of 50?
True
Is 1383 a multiple of 22?
False
Does 58 divide 876?
False
Is 2 a factor of 291?
False
Is 38 a factor of 128?
False
Is 143 a factor of 8723?
True
Does 33 divide 2387?
False
Is 9 a factor of 3230?
False
Is 2757 a multiple of 16?
False
Does 10 divide 5284?
False
Is 8048 a multiple of 148?
False
Does 23 divide 2114?
False
Is 69 a factor of 799?
False
Is 445 a multiple of 5?
True
Does 83 divide 6996?
False
Is 10 a factor of 25770?
True
Is 219 a factor of 60444?
True
Does 10 divide 120?
True
Does 112 divide 9856?
True
Is 41 a factor of 45004?
False
Does 26 divide 3146?
True
Does 14 divide 3364?
False
Is 124 a factor of 1621?
False
Is 4075 a multiple of 19?
False
Is 53 a factor of 3522?
False
Is 19 a factor of 6051?
False
Does 2 divide 350?
True
Is 1197 a multiple of 63?
True
Is 22421 a multiple of 17?
False
Does 135 divide 38205?
True
Is 7 a factor of 1789?
False
Is 429 a multiple of 11?
True
Is 2 a factor of 892?
True
Does 28 divide 21405?
False
Is 44 a factor of 1140?
False
Does 51 divide 5143?
False
Is 14 a factor of 118664?
True
Does 69 divide 51198?
True
Does 33 divide 549?
False
Is 1163 a multiple of 3?
False
Is 31 a factor of 692?
False
Does 28 divide 1109?
False
Is 14248 a multiple of 4?
True
Is 117 a multiple of 13?
True
Is 47976 a multiple of 38?
False
Is 8 a factor of 967?
False
Does 6 divide 239?
False
Is 52 a factor of 24728?
False
Is 3072 a multiple of 96?
True
Does 45 divide 15360?
False
Does 31 divide 16735?
False
Does 35 divide 70?
True
Is 142 a factor of 16475?
False
Is 2645 a multiple of 10?
False
Does 16 divide 1024?
True
Is 7 a factor of 4242?
True
Does 9 divide 20547?
True
Is 14 a factor of 1838?
False
Is 56238 a multiple of 13?
True
Is 686 a multiple of 7?
True
Does 15 divide 4087?
False
Is 112 a factor of 7125?
False
Does 5 divide 1814?
False
Is 92 a factor of 867?
False
Is 9 a factor of 99?
True
Is 1086 a multiple of 18?
False
Is 271 a factor of 31978?
True
Does 11 divide 320?
False
Does 2 divide 1395?
False
Is 94 a factor of 1692?
True
Is 3 a factor of 18783?
True
Is 18 a factor of 19134?
True
Does 10 divide 159?
False
Does 26 divide 5186?
False
Is 321 a factor of 963?
True
Is 9226 a multiple of 15?
False
Is 126 a factor of 22554?
True
Does 3 divide 72?
True
Does 9 divide 3999?
False
Is 20 a factor of 3140?
True
Does 61 divide 671?
True
Does 36 divide 3211?
False
Is 26 a factor of 353?
False
Does 34 divide 408?
True
Is 57545 a multiple of 5?
True
Is 59379 a multiple of 73?
False
Is 71 a factor of 2211?
False
Is 18723 a multiple of 237?
True
Is 18959 a multiple of 26?
False
Is 6 a factor of 228?
True
Is 3264 a multiple of 136?
True
Does 5 divide 2062?
False
Is 84 a factor of 4882?
False
Does 9 divide 1548?
True
Is 23 a factor of 667?
True
Is 49 a factor of 9212?
True
Is 266 a factor of 23312?
False
Is 13 a multiple of 3?
False
Is 42 a factor of 13033?
False
Is 7 a factor of 7?
True
Is 826 a multiple of 118?
True
Does 11 divide 5311?
False
Is 31 a factor of 5356?
False
Does 27 divide 10650?
False
Is 181 a multiple of 90?
False
Is 1952 a multiple of 17?
False
Is 3 a factor of 594?
True
Is 5 a factor of 29?
False
Is 10 a factor of 302?
False
Does 39 divide 11804?
False
Is 6008 a multiple of 37?
False
Is 700 a multiple of 35?
True
Is 2784 a multiple of 46?
False
Is 24 a factor of 5923?
False
Is 39 a factor of 9438?
True
Is 4 a factor of 48?
True
Does 75 divide 39752?
False
Is 90 a factor of 2250?
True
Does 76 divide 18696?
True
Is 3510 a multiple of 117?
True
Is 43 a factor of 1700?
False
Is 257 a fa